t s be c(-1). Let f = s + -40014. Is f prime?
True
Let r(x) = 1478*x + 29. Is r(70) prime?
False
Suppose 120*m = 116*m + 35412. Let n = 13994 - m. Is n composite?
True
Let w = -2228 - 60. Let a = 613 - w. Is a a prime number?
False
Let b(w) = 990*w**2 - 130*w + 253. Is b(27) a prime number?
True
Let v = 49 - -183. Suppose -v*a - 791 = -239*a. Is a a composite number?
False
Suppose 0 = 4*g - 11 - 5. Suppose 0 = -g*u + o + 82781 - 31329, -4*u + 51452 = -3*o. Is u composite?
True
Let u(j) = 31*j**2 + 6*j - 6. Let r(l) = 18 - 14 - 3*l**2 + 2*l**2 - l**3 + 3*l**2. Let y be r(3). Is u(y) prime?
True
Let c = 3035 - 1299. Let b = 8691 + c. Is b composite?
False
Let s be (-16)/(-6)*(-1 + 42/24). Suppose 3*r + r - 21430 = -s*g, 3*r = -5*g + 16062. Is r composite?
True
Suppose -3*a = 4*p - 25206, 2*p = 15*a - 19*a + 33608. Let c = a + 15015. Is c a prime number?
True
Let w = -535 + 514. Is (w/(-63))/(2/5334) a prime number?
False
Let a = -153 - -258. Let m be (a/63)/((-1)/(-3)). Suppose -3*f + m*g + 879 = 0, -3*f + 6*f - g - 891 = 0. Is f a composite number?
True
Let q(h) = 15*h - 6 + 10*h + 2*h**2 - 15*h + 14*h. Let v be q(-18). Suppose v = 2*m - 508. Is m prime?
True
Let t = -73 - -52. Let j = 24 + t. Suppose 0*s + 2545 = j*x + 4*s, 6 = -3*s. Is x a composite number?
True
Let p = 30932 + -16417. Is p a composite number?
True
Let j(l) = -l**3 + 35*l**2 - 109*l + 133. Suppose -110 = -3*d - 20. Is j(d) prime?
False
Let n(z) be the second derivative of -1682*z**3/3 + 11*z**2 + 19*z. Let u be n(-7). Suppose 5*t - 15*t + u = 0. Is t a composite number?
False
Let o(u) = 5*u**2 + u - 1. Let v be o(-1). Let x(m) = -5*m**2 + 9*m + 21. Let r(j) = 5*j**2 - 9*j - 21. Let z(s) = v*x(s) + 4*r(s). Is z(10) a composite number?
False
Let q = 22861 - -56998. Is q a prime number?
False
Is (-80 - -76891) + -2 + 0 + 2 prime?
False
Let i = 563 - 741. Is (-17 - -114)/((-2)/i) prime?
False
Suppose 0 = 5*j + 25, 3*z + 1202 = 5*j + 7137. Let h = 92 + 847. Let l = z - h. Is l composite?
False
Suppose 4*c - 2*c = 11092 + 1302. Is c composite?
False
Suppose 5*i - 5 = 90. Let h = 25 - i. Let k(z) = 236*z - 17. Is k(h) a prime number?
True
Let h(f) = 7*f**2 + 7. Let t = 10 - 22. Let o = t - -8. Is h(o) a prime number?
False
Suppose 145*b = 144*b + 397. Let h = 966 + b. Is h composite?
True
Let y(w) = 2*w - 1. Let h(x) = 77*x - 22. Let c(q) = -h(q) - y(q). Is c(-8) prime?
False
Let f = -768551 - -1255393. Is f composite?
True
Let u = -15 - -21. Let s = u + -2. Is ((-284)/5 - -6)*(-10)/s a composite number?
False
Suppose 0 = -t - n, 5 - 14 = -3*n. Let j be 4 - 1/(t/(-18)). Is (-15616)/(-16) + (-1 - j) a composite number?
False
Let r = -7 - -14. Let k(h) = -6*h - 8 + 4*h**2 - r - 3*h + 3*h. Is k(-14) a prime number?
True
Is -1 + 3 + 5 + (2 - 1646840/(-10)) prime?
False
Suppose -7*q = 10748 + 2804. Suppose -a - 489 = -3960. Let y = a + q. Is y a composite number?
True
Suppose -422*z + 431*z - 41444 = 731359. Is z composite?
True
Let z(m) = 2*m**3 - 221*m**2 + 289*m - 227. Is z(112) prime?
False
Let k(p) be the first derivative of 797*p**3/3 - 17*p**2/2 - 89*p + 316. Is k(-4) composite?
True
Let m(y) = 13*y - 9*y**2 - 5535 + 8*y**3 + 5522 + 4*y**3. Let c(f) = f**3 + 8*f**2 + f + 14. Let j be c(-8). Is m(j) a prime number?
True
Let d be ((-8)/28)/((-2)/1589). Suppose -d - 14331 = -2*g. Is g composite?
True
Let j be (-147567)/(-9) + 2 - (-2)/(-6). Suppose -6*y + 29868 = -j. Suppose 0 = 2*q - y + 933. Is q a composite number?
False
Let y = -1 + 11. Let j be 65 + 5/(y/(-4)). Suppose 0 = -t + 4*v + j, 3*t = -2*t + 3*v + 400. Is t a prime number?
True
Suppose -107 = 4*u - 5*d, 2*d = -d - 3. Let f = u - -33. Suppose 3*z = 2*z - 2*c + 691, 2*z - f*c = 1427. Is z composite?
False
Let t = 11564 + -6127. Is t a composite number?
False
Let o = -7300 + 16621. Suppose -5*q = -3*r + 17180 + 10715, -r = 4*q - o. Is r composite?
True
Suppose -2*c - 630077 = -4*m + 252487, 3*c = -4*m + 882564. Is m a composite number?
True
Let n(a) = a**2 - 2*a + 1. Let o be n(1). Suppose -3*w = -3*m - 5040, o = -5*m - 4*w + w - 8368. Is m/6*21/(-14) composite?
False
Suppose -59*o + 31*o + 17199006 = 38*o. Is o prime?
False
Let p be 9/21 + (-8)/(-14). Let n be p*(-8 - -5) - 140. Let w = 1714 + n. Is w a prime number?
True
Let b(i) = 2575*i**2 + 10*i - 7. Is b(2) composite?
False
Is 7 - ((-8973)/(-1))/((-18)/216 - 0) prime?
False
Let c = 81 + -78. Suppose 24 = 9*m - c*m. Suppose 2*x - x = -3, m*a - 224 = -4*x. Is a a prime number?
True
Suppose -b + 36 = 4*m, 4*b + 9 = m + 2*b. Let d = -9084 - -20382. Suppose m*s + d = 15*s. Is s composite?
True
Suppose 17850 + 8604 = 2*f. Is f composite?
True
Suppose -2*u - 4*d - 6 - 6 = 0, 5*d + 15 = -2*u. Suppose -3*o + 3*c + 12324 = u, -5847 - 14648 = -5*o - 4*c. Suppose -8*g + 4785 = -o. Is g composite?
True
Suppose 7*p - 59 = 235. Let g = p + -38. Is 1*g*186 - (17 - 16) a composite number?
False
Suppose 0 = 8*o - 240650 + 77082. Suppose -5*p + o = -11319. Is p a composite number?
False
Let v be (-2)/11 - (-276)/66. Suppose -v*l + 2767 = o, -5*o = l - 3*l - 13901. Is o composite?
True
Let v(u) = 4*u**2 - 2*u + 1. Let g be v(1). Let p be g + 3*-5 - 0. Let j = p - -31. Is j a composite number?
False
Let z(g) = 105*g**3 + 7*g**2 - 3*g + 8. Let a(q) = 420*q**3 + 30*q**2 - 11*q + 31. Let n(w) = -2*a(w) + 9*z(w). Is n(3) composite?
False
Let p(x) = -x**3 + 28*x**2 - 50*x - 48. Let s be p(26). Suppose s*u - 18049 = z, -5*u = -9*z + 8*z - 22562. Is u composite?
False
Let h = -266454 + 462415. Is h a composite number?
True
Let d(v) = -v**2 - v + 24. Let u be d(-5). Suppose y = u*a - 2, -5*y = -2*a - 5 - 3. Suppose -5140 = -5*n + 3*q, -y*n + 4*q + 4104 = 2*n. Is n a prime number?
True
Suppose -42*h - 935323 = -108*h + 49*h. Is h composite?
True
Let t(n) = 2*n**2 + 5*n**3 + 3*n**3 - 59*n - 59*n + 112*n + 17. Is t(6) a composite number?
True
Suppose 4*a - 30600 = 4*h, -12995 = -5*a - 2*h + 25234. Is a composite?
True
Suppose 5*s - 173 = 4*r, s - r = 41 - 7. Suppose s*n = 25*n + 234708. Is n prime?
True
Let a(b) = -2*b**3 - 54*b**2 + 45*b + 270. Is a(-35) a prime number?
False
Let h(a) = -a**2 - 13*a - 3. Let q be h(-13). Let c(y) = 49*y**3 - 2*y**2 + 5*y - 4. Let o be c(q). Let t = o + 2111. Is t a prime number?
True
Let i be (-1 - -1)/(-9 + 6) - -23. Let s(f) = -f**3 + 24*f**2 - 24*f + 27. Let g be s(i). Suppose -2*z + 416 = 2*k, 2*k = -g*z + 854 - 16. Is z prime?
True
Suppose -y = -4, 5*c - 3*y - 3272718 = -973955. Is c a composite number?
True
Let w be 6 + 2 + 18 + -23. Suppose x = -2*i + 24771, w*x + i - 74669 + 351 = 0. Is x a composite number?
True
Is 2*(-143)/(-130)*14285 prime?
False
Suppose -9*q = -8*q - 4*t + 13, 0 = 3*q - 5*t + 11. Suppose -l - q*u = -67, -5*u = -0*u - 5. Is (-2)/8 - (-105936)/l composite?
True
Suppose v - 4 = 1. Suppose 431 = -v*q + 7101. Let j = q - 153. Is j composite?
False
Is 8*(-60)/(-160) - 3/(9/(-1111404)) prime?
True
Let i(r) = -r**2 - 12*r + 7. Let s be i(-13). Let m = s - -7. Is (0 - (m - 38))/1 a composite number?
False
Let s be (-154536)/(-18) + 5 + 6/9. Suppose -w + 8583 = -i, -w = -2*w + 5*i + s. Is w a composite number?
False
Let o(k) = 4975*k**3 + 2*k**2 - 20*k + 15. Is o(4) prime?
False
Suppose -d = 5*y - 985, d = -5*y + 6*y + 997. Let x = d - 306. Is x a prime number?
False
Let z be (11157 - -2)/((2/88)/1). Suppose -21*o = -z + 110497. Is o a composite number?
False
Let g(m) = 59*m - 2. Suppose -k - 3*j = -6*j - 55, -k - 2*j + 60 = 0. Let u = 63 - k. Is g(u) composite?
False
Let c = 1164 + 642. Let y = 3263 - c. Suppose -9*t + y + 2314 = 0. Is t prime?
True
Is -90033*(-14 - (-560)/48) prime?
False
Let c(z) = 20*z + 22. Let i(l) = -60*l - 65. Let y(v) = 8*c(v) + 3*i(v). Let f be y(12). Let a = f - -892. Is a prime?
False
Let a = -39 - -67. Suppose 0 = -k + 3*q - 0 + 7, -4*k = 4*q - a. Suppose -3*o + k*o - 4756 = 0. Is o a prime number?
False
Suppose 1381105 = 41*y - 863686. Is y a prime number?
True
Let t(w) = w**3 + 30*w**2 - 4*w - 70. Is t(-25) a prime number?
False
Let t(u) be the second derivative of 4*u**5/5 - u**4/6 - 11*u**2/2 - 10*u. Let l be t(-4). Let a = l + 1860. Is a a prime number?
False
Let k(u) = -216*u + 107. Suppose c - o - 12 = 2*c, -3*c + 2*o = 11. Is k(c) a prime number?
True
Is 63132/(-9)*360/(-160) prime?
False
Let r be (48/9